14323 - 14305. Let p(l) = -4*l + 4. What is p(n)?
-68
Suppose 0 = 119992*v - 120000*v + 32. Let n(j) be the third derivative of 0 - 1/120*j**6 + 1/8*j**v + 6*j**2 + 0*j**3 - 1/20*j**5 + 0*j. Calculate n(-4).
4
Suppose -2*s - 2*b - 886 = 0, -28*s + 23*s + b = 2233. Let z = s + 438. Let m(f) = -2*f - 18. Give m(z).
-2
Let g = -29065 - -29064. Let p(t) = t - 2. Let l(z) = 3*z - 7. Let s(i) = -2*l(i) + 7*p(i). Calculate s(g).
-1
Let t be 1541/391 + 5/85. Let n(b) = b**2 + 9*b - 52. What is n(t)?
0
Suppose p + 2*z + 66 = 0, 2*p + 2*z + 258 = -2*p. Let u = -59 - p. Let m(s) be the third derivative of s**5/60 - 5*s**4/24 - s**2. Determine m(u).
0
Suppose -5*t + 0*t = -15. Suppose 6*c - t*c = 6. Let i(n) = -2*n - 6*n**c + 8*n - 29 + 23 + n**3. Calculate i(4).
-14
Suppose 925 = -z + 2*g + 949, -g = 4*z - 33. Let x(i) = 2*i**2 - 20*i - 10. Calculate x(z).
-10
Let w(o) = 11*o**2 - 2*o + 24. Let x(a) = -10*a**2 + 4*a - 34. Let z(q) = -3*w(q) - 2*x(q). Calculate z(-2).
-52
Let b(j) be the second derivative of 5/2*j**2 - 17*j + 7/6*j**3 - 1/3*j**4 + 0 - 1/20*j**5. Let u(f) = 2*f**2 - 11*f - 11. Let l be u(6). Give b(l).
-5
Let r(j) = 5*j**2 - j - 7. Let o(n) be the third derivative of -n**5/10 + 3*n**3/2 + 148*n**2. Let b(i) = -4*o(i) - 5*r(i). Calculate b(2).
5
Let p(x) = x + 18. Let h be p(-10). Suppose -18*n = -h + 8. Let g(b) = -b**2 - 10. Determine g(n).
-10
Let x(c) be the second derivative of c**4/12 + 10*c**3/3 + 35*c**2/2 - 2*c - 1039. What is x(-17)?
-16
Let z(q) = q**3 - 13*q**2 + 27*q + 35. Let l be z(10). Suppose 125*a - l = 120*a. Let w(y) = 4*y**3 + y**2 - 1. Calculate w(a).
4
Let i(s) = s**2 - 8*s + 1. Let z(o) = -7*o - 45. Let a be z(32). Let m = a + 277. Give i(m).
1
Let q(n) = -n**2 - 5*n + 18. Let v be q(-7). Suppose v*f + 2*c = -2, 2 + 3 = -c. Let r(t) = 4*t - t + 0*t - f + 5*t. What is r(2)?
14
Let g(q) be the first derivative of 2/3*q**3 + 4*q + 1/2*q**2 - 10. Suppose 2*w = k + 10, -k - 2*k = 12. Calculate g(w).
25
Let s(n) = -6017*n**2 - 11*n - 18 + 12018*n**2 - 6002*n**2. Give s(-6).
12
Let n = 140 - 89. Let g be -2*(-4)/28 + n/(-7). Let x(w) = w**3 + 6*w**2 - 6*w - 9. Determine x(g).
-16
Let y(k) = -k + 15. Suppose t = -3*m + 18, -5*m - t - t = -30. Let w be y(m). Suppose 5*a + 2*l + 0*l + 8 = 0, -w = 2*a - 5*l. Let q(c) = -6*c - 2. Give q(a).
10
Let p(n) = n**3 - 4*n**2 - 10*n + 1. Suppose 3*a + b = 14, -72*b + 25 = 4*a - 77*b. Determine p(a).
-24
Suppose 0 = -7*o - 36 + 29. Let m(g) = 3*g**3 + 1 + 9*g**3 + g**2 - 9*g + 12*g - g. Calculate m(o).
-12
Suppose 26 = 6*k - 9*k - 5*p, p = 2. Let c(s) = -s**3 - 14*s**2 - 21*s + 11. What is c(k)?
-25
Suppose 7*a = 2*a - 20. Let p(i) = 123*i**2 + 2 + 0 + 107*i**2 - 341*i**2 + 110*i**2. Determine p(a).
-14
Let l(s) = -s**3 - 5*s**2 + 6*s - 2. Let b be (2/(-4))/((-1)/(-78)*-3). Suppose 15*a + 103 - b = 0. Determine l(a).
-2
Let v(t) = -2*t - 6. Let s(d) = -12*d**2 - 234*d + 363. Let r be s(-21). Determine v(r).
24
Let v(i) = -29*i**2 - 31*i + 1. Let h be v(-1). Let j(d) = 11*d**2 - 31*d - 4. Determine j(h).
2
Suppose k + 3*j + 0 = 4, -4*j + 12 = -2*k. Let o(w) = -2*w**3 - w**2 + 4. Calculate o(k).
16
Let h(j) = 5*j**2 + 48*j - 2. Let y be (200/70)/((-42)/147). Calculate h(y).
18
Let f(i) be the second derivative of -i**5/20 - i**4/12 - i**3/3 - i**2/2 - 2*i. Suppose 0 = -m + 5*b + 7, -4*m - 5*b = -37*b - 52. What is f(m)?
23
Let d be 8/12*(-9)/6*-7. Suppose -2*o = 5*o - d. Let w(n) = n - 3*n**2 - 15*n**2 + 13*n**2. Give w(o).
-4
Let g(z) = -z**3 - 9*z**2 - 6*z + 2. Let m = -3923 - -3917. Give g(m).
-70
Let c(r) be the first derivative of 1/3*r**3 + r + 1/2*r**2 + 114. Suppose -p + 6 = -4*j, 2*j - 3*p = -0*p - 8. What is c(j)?
1
Let g(r) = r**2 + 5*r + 2. Let s(n) = -n + 5. Suppose -2*o = 3*o - 2*c - 35, 0 = 2*o - 5*c - 35. Let b be s(o). Suppose b = -4*p - 2*p - 12. Calculate g(p).
-4
Let y(k) = k**3 - 22*k**2 + 286 + 42*k - 2*k**2 - 280. Calculate y(22).
-38
Let k(u) = -5*u + 186. Suppose -99 = -3*y - 49*c + 46*c, -4*y + 4*c = -172. Give k(y).
-4
Let z(h) = 10*h + 396*h**2 + 405*h**2 - 802*h**2 - 9. Suppose 0 = 3*m + 6 - 36. What is z(m)?
-9
Let n(w) = -15*w + 98*w**2 - 110*w**2 + 50*w**2 - 18 + 14*w**3. Let v(j) = 5*j**3 + 13*j**2 - 5*j - 6. Let b(h) = 6*n(h) - 17*v(h). Calculate b(5).
19
Let i(a) = 1 + 6*a + 18*a + 8 - 26*a - a**2 + 32. Determine i(0).
41
Let p(d) be the second derivative of d**3/6 - 49*d**2/2 + 792*d. Determine p(-6).
-55
Let u(z) be the second derivative of -5*z**3/6 - 3*z**2/2 - z. Suppose -23*j + 18*j = -15. Let d(a) = 4*a + 3. Let i(q) = j*u(q) + 4*d(q). Give i(5).
8
Suppose 2*s + 1036 = 5*p + 1066, -3*s - 39 = 3*p. Let n(d) = -129*d - 642. What is n(s)?
3
Let s(t) = -2050 - 2064 - 5*t + 4107 + 12*t - t**2. Let n(d) = 2*d + 1. Let o be n(2). Calculate s(o).
3
Let l = 521 + -515. Let c(r) = -6*r**2 + 0*r**3 - 6*r - r**3 - r**2 + 1 - l + 3. What is c(-4)?
-26
Suppose 53*g - 86 + 24 = -751. Let n(m) = -m**3 - 17*m**2 - 55*m - 28. Calculate n(g).
11
Let j(s) = -3*s - 10. Let w(i) = -i**3 - 67*i**2 - 76*i - 658. Let a be w(-66). Calculate j(a).
-16
Suppose x + 7*x = -r + 2, 4 = -r - 5*x. Let h(m) = -2*m - 41. Give h(r).
-13
Suppose 0 = 5*z - 5*g + 2*g - 8, -z = -g. Suppose -z*x = -4*l - 36, 5*l + 4*x - 6 = 4*l. Let u(w) = 2*w + 10. Determine u(l).
-2
Let i(y) = y**2 + 13*y + 14. Let r = -180 - 441. Let d = r + 610. What is i(d)?
-8
Let j(z) = 5*z**2 - 5*z - 62. Let q(l) = 3*l**2 - 6*l - 62. Let s(x) = 2*j(x) - 3*q(x). Let p(c) be the first derivative of s(c). Determine p(-3).
2
Let f(c) = 20*c - 4. Let w be 4*(-18)/12*1/(-2). Give f(w).
56
Let b(r) = 21*r - 2*r**2 - 9885 + 9891 + 3*r**2. Give b(-19).
-32
Let h(p) = -2*p**3 + p**2 + p - 3. Let c = -2240 - -2238. Give h(c).
15
Suppose o = b - 2*o - 15, 2*b + 2 = -2*o. Let q(h) be the first derivative of 1/3*h**3 - 4*h - 1/2*h**2 + 31. What is q(b)?
2
Let n(a) be the third derivative of -a**4/24 - a**3/6 + a**2. Let i(g) = -2*g**2 + 69*g - 35. Let u be 4/(1 + 75/(-85)). Let k be i(u). What is n(k)?
0
Let z(k) = -541*k**2 + 37*k + 32 - 171 + 252*k**2 + 288*k**2. Give z(33).
-7
Suppose 2*m + 8 = -18*j + 23*j, m - 3 = -j. Let y(h) = -h - 1. Let o(k) = -7*k - 9. Let d(n) = j*o(n) - 18*y(n). What is d(-2)?
-8
Let j(f) = -8*f - 1. Suppose -5*x + 270 = -23*x. Let h be 3 - (6/x)/((-4)/(-20)). Determine j(h).
-41
Let r(j) = -35 + 12 - 6 - 9*j - 2. Calculate r(-2).
-13
Let i(u) = u**2 + 346*u + 2706. Let f be i(-8). Let c(k) be the first derivative of 0*k**f + 1/4*k**4 - 5*k - 35 + 2*k**3. Give c(-6).
-5
Let b(p) be the second derivative of -1/3*p**3 - 11 + 3*p - 1/2*p**2. Determine b(-7).
13
Let a(o) = o**2 + o - 1. Suppose 0 = -8*n - 2*n + 3*n. Suppose -5*s + 5*v + 25 = n, 3*s - 24*v + 23*v = 15. What is a(s)?
29
Let k(u) = 3*u + 2. Let f(z) = 8*z + 44. Let c be f(-5). Determine k(c).
14
Let p = 140 - 114. Suppose 0 = 2*l + 32 - 40, -f - p = -5*l. Let c(g) = -g**2 - 6*g + 6. Give c(f).
6
Let z(l) = 367*l**2 - 20*l - 27. Let f(r) = 61*r**2 - r - 1. Let d(p) = -6*f(p) + z(p). What is d(15)?
-6
Let k(h) = 4*h - 5. Let l(t) = -7*t**2 - 86*t - 12. Let y be l(-12). Suppose -o - 5*s = 6 + y, -3*o + 2 = s. Give k(o).
3
Suppose 2*a + 4*n - 12 = 0, 2*a = 5*a + 5*n - 16. Suppose -14*v + 59 = -1103. Let s(b) = -7*b**a - 84 + 9*b**3 + v - 8*b**3 + 7*b. What is s(5)?
-16
Let d be (-8)/(-68) - (-243)/102. Let m(n) be the second derivative of -8*n - d*n**2 + 1/3*n**3 + 0. What is m(-4)?
-13
Suppose -2740 = 11*n - 672. Let d = 187 + n. Let q(j) = 13*j**2 + 7. Let y(o) = -27*o**2 - 15. Let x(p) = 13*q(p) + 6*y(p). Determine x(d).
8
Let t(n) = 8*n - 92. Let p(u) = 2*u**3 + 4*u**2 + 3. Let r be p(-2). Let w(v) = v - 10. Let z(y) = r*t(y) - 28*w(y). Determine z(-3).
16
Let o(m) = m**2 - 13*m + 20. Let c be o(11). Let h(d) be the second derivative of d**3/3 - 2*d**2 - 27*d - 2. Determine h(c).
-8
Let z be (-3 - -5)*(-1)/2. Suppose 5*m + 1262 = 1297. Let n = m - z. Let y(c) = -2*c + 11. Calculate y(n).
-5
Let d(c) = 5*c + 10. Let t(p) be the second derivative of -2*p**3/3 - 4*p**2 + p - 4. Let z(a) = -3*d(a) - 4*t(a). Suppose -5*g - 5 + 0 = 0. Calculate z(g).
1
Suppose 0 = 6200*f - 6211*f + 330. Let q(x) be the third derivative of 1/60*x**5 + 7/6*x**3 + 0*x + 1/4*x**4 + 0 - f*x**2. What is q(-7)?
14
Let g = -5638 + 5631. Let m(c) be the third derivat